{"id":1336,"date":"2020-06-03T22:47:17","date_gmt":"2020-06-03T22:47:17","guid":{"rendered":"http:\/\/caminosinteriores.com\/?page_id=1336"},"modified":"2025-06-27T20:39:22","modified_gmt":"2025-06-27T20:39:22","slug":"constelaciones-familiares-y-soluciones-sistemicas","status":"publish","type":"page","link":"https:\/\/caminosinteriores.com\/index.php\/constelaciones-familiares-y-soluciones-sistemicas\/","title":{"rendered":"Constelaciones Familiares y Soluciones Sist\u00e9micas"},"content":{"rendered":"<p>[et_pb_section fb_built=&#8221;1&#8243; next_background_color=&#8221;#ffffff&#8221; _builder_version=&#8221;4.27.4&#8243; use_background_color_gradient=&#8221;on&#8221; background_color_gradient_type=&#8221;circular&#8221; background_color_gradient_direction_radial=&#8221;top left&#8221; background_color_gradient_stops=&#8221;rgba(255,227,208,0.7) 50%|rgba(255,227,208,0.3) 100%&#8221; background_color_gradient_overlays_image=&#8221;on&#8221; background_color_gradient_start=&#8221;rgba(255,227,208,0.7)&#8221; background_color_gradient_start_position=&#8221;50%&#8221; background_color_gradient_end=&#8221;rgba(255,227,208,0.3)&#8221; background_image=&#8221;http:\/\/caminosinteriores.com\/wp-content\/uploads\/2025\/06\/POST-1-scaled.jpg&#8221; custom_margin=&#8221;||||false&#8221; custom_padding=&#8221;11vw||4vw||false|false&#8221; bottom_divider_style=&#8221;curve&#8221; bottom_divider_height=&#8221;2.5vw&#8221; global_colors_info=&#8221;{}&#8221;][et_pb_row _builder_version=&#8221;4.27.4&#8243; custom_margin=&#8221;5%|auto|5%|auto|false|false&#8221; animation_style=&#8221;fade&#8221; hover_enabled=&#8221;0&#8243; global_colors_info=&#8221;{}&#8221; sticky_enabled=&#8221;0&#8243;][et_pb_column type=&#8221;4_4&#8243; _builder_version=&#8221;4.16&#8243; custom_padding=&#8221;|||&#8221; global_colors_info=&#8221;{}&#8221; custom_padding__hover=&#8221;|||&#8221;][et_pb_text _builder_version=&#8221;4.27.4&#8243; text_font=&#8221;||||||||&#8221; text_font_size=&#8221;18px&#8221; text_line_height=&#8221;2em&#8221; header_font=&#8221;Montserrat||||||||&#8221; header_font_size=&#8221;50px&#8221; header_line_height=&#8221;1.4em&#8221; text_orientation=&#8221;center&#8221; max_width=&#8221;700px&#8221; module_alignment=&#8221;center&#8221; hover_enabled=&#8221;0&#8243; header_font_size_tablet=&#8221;40px&#8221; header_font_size_phone=&#8221;24px&#8221; header_font_size_last_edited=&#8221;on|phone&#8221; global_colors_info=&#8221;{}&#8221; sticky_enabled=&#8221;0&#8243;]<\/p>\n<h1>Constelaciones Familiares y Soluciones Sist\u00e9micas<\/h1>\n<p>[\/et_pb_text][\/et_pb_column][\/et_pb_row][\/et_pb_section][et_pb_section fb_built=&#8221;1&#8243; module_id=&#8221;constelaciones-texto&#8221; _builder_version=&#8221;4.16&#8243; _module_preset=&#8221;default&#8221; global_colors_info=&#8221;{}&#8221;][et_pb_row _builder_version=&#8221;4.16&#8243; _module_preset=&#8221;default&#8221; global_colors_info=&#8221;{}&#8221;][et_pb_column type=&#8221;4_4&#8243; _builder_version=&#8221;4.16&#8243; _module_preset=&#8221;default&#8221; global_colors_info=&#8221;{}&#8221;][et_pb_text _builder_version=&#8221;4.16&#8243; _module_preset=&#8221;default&#8221; text_font_size=&#8221;16px&#8221; text_line_height=&#8221;2em&#8221; global_colors_info=&#8221;{}&#8221;]<\/p>\n<p><span>Las Constelaciones son un ARTE, \u201cayudar es un arte\u201d, uno necesita poseer un don cita Bert Hellinger.\u00a0 Tambi\u00e9n es posible estudiarlas y experimentarlas. Siento que estoy en el camino de la integraci\u00f3n con esta corriente sist\u00e9mica,\u00a0 es un desaf\u00edo\u00a0 responsable de mi parte, en donde mi deseo es que al transitarlo cada d\u00eda se\u00a0 transforme en un DON. Tengo claro mi actitud, de estar en concordancia con mi\u00a0 propio sistema familiar,\u00a0 se que la verdadera ayuda es humilde, renuncio a la inocencia del ni\u00f1o\u00a0 y\u00a0 como adulta se de las penas y las culpas y las dejo con aquellos a quienes le pertenecen.\u00a0<\/span><\/p>\n<p><span>Entiendo que solamente quien ha tomado a todo, tanto a sus padres como a todas las personas que los han acompa\u00f1ado en la vida, pueden dar a otros lo que necesitan.\u00a0<\/span><\/p>\n<p><span>Como facilitadora tengo presente\u00a0 LOS \u00d3RDENES DE LA AYUDA: doy al consultante solo lo que uno como facilitador tiene y lo que el consultante necesita. Respeto las circunstancias especiales internas y externas del consultante tal como son. Entiendo que la relaci\u00f3n entre facilitador y el consultante es de igual a igual. Veo al consultante como parte de un sistema y no como un individuo aislado. Permito que todo lo que antes estaba separado se una, sin juzgar, para\u00a0 integrar todo tal cual es.<\/span><\/p>\n<p><span>Siempre tengo claro que trabajo\u00a0 para lo que no se ve, para \u201clos lazos invisibles\u201d. Esto significa caminar con el ALMA. Se que si hago esa \u00a0 diferencia entre \u201cel bien y el mal\u201d es una barrera para la ayuda, soltar\u00a0 es la diferencia, me ubica\u00a0 al servicio de la PAZ, por ah\u00ed es donde quiero ir\u2026<\/span><\/p>\n<p><span>\u00a0<\/span> <span>Como facilitadora en\u00a0 <\/span><span>\u00a0CONSTELACIONES FAMILIARES te invito a\u00a0 vivenciar esta herramienta,\u00a0 que\u00a0 tiene la capacidad de explicar y mostrar con claridad las razones por las que somos como somos y nos relacionamos c\u00f3mo lo hacemos. Nos permite comprender que muchas de las cuestiones que no fluyen en nuestra vida, no son s\u00f3lo resultado de lo experimentado por cada uno, sino tambi\u00e9n de los destinos, los dolores, las exclusiones, las experiencias y los traumas que vivieron nuestros ancestros.<\/span><\/p>\n<p><span>Cintia Maria Biciuffa.<\/span><\/p>\n<p>[\/et_pb_text][\/et_pb_column][\/et_pb_row][et_pb_row column_structure=&#8221;1_2,1_2&#8243; _builder_version=&#8221;4.16&#8243; _module_preset=&#8221;default&#8221; global_colors_info=&#8221;{}&#8221;][et_pb_column type=&#8221;1_2&#8243; _builder_version=&#8221;4.16&#8243; _module_preset=&#8221;default&#8221; global_colors_info=&#8221;{}&#8221;][et_pb_image src=&#8221;http:\/\/caminosinteriores.com\/wp-content\/uploads\/2020\/07\/Bert_Hellinger.jpg&#8221; title_text=&#8221;Bert_Hellinger&#8221; _builder_version=&#8221;4.27.4&#8243; custom_margin=&#8221;|37px||-4px||&#8221; custom_margin_tablet=&#8221;|-139px|||false|false&#8221; custom_margin_phone=&#8221;|0px|||false|false&#8221; custom_margin_last_edited=&#8221;on|phone&#8221; custom_padding=&#8221;|162px||0px||&#8221; custom_padding_tablet=&#8221;&#8221; custom_padding_phone=&#8221;&#8221; custom_padding_last_edited=&#8221;on|desktop&#8221; hover_enabled=&#8221;0&#8243; global_colors_info=&#8221;{}&#8221; sticky_enabled=&#8221;0&#8243;][\/et_pb_image][et_pb_text _builder_version=&#8221;4.16&#8243; global_colors_info=&#8221;{}&#8221;]<\/p>\n<p>Bert Hellinger<\/p>\n<p>[\/et_pb_text][\/et_pb_column][et_pb_column type=&#8221;1_2&#8243; _builder_version=&#8221;4.16&#8243; _module_preset=&#8221;default&#8221; global_colors_info=&#8221;{}&#8221;][et_pb_video src=&#8221;https:\/\/www.youtube.com\/watch?v=-EnjXwJY8fc&#8221; thumbnail_overlay_color=&#8221;rgba(0,0,0,0.6)&#8221; module_id=&#8221;constelacionesvideo&#8221; _builder_version=&#8221;4.27.4&#8243; _module_preset=&#8221;default&#8221; custom_margin=&#8221;|||0px|false|false&#8221; hover_enabled=&#8221;0&#8243; global_colors_info=&#8221;{}&#8221; sticky_enabled=&#8221;0&#8243;][\/et_pb_video][\/et_pb_column][\/et_pb_row][\/et_pb_section]<\/p>\n","protected":false},"excerpt":{"rendered":"<p>Constelaciones Familiares y Soluciones Sist\u00e9micasLas Constelaciones son un ARTE, \u201cayudar es un arte\u201d, uno necesita poseer un don cita Bert Hellinger.\u00a0 Tambi\u00e9n es posible estudiarlas y experimentarlas. Siento que estoy en el camino de la integraci\u00f3n con esta corriente sist\u00e9mica,\u00a0 es un desaf\u00edo\u00a0 responsable de mi parte, en donde mi deseo es que al transitarlo [&hellip;]<\/p>\n","protected":false},"author":1,"featured_media":0,"parent":0,"menu_order":0,"comment_status":"closed","ping_status":"closed","template":"","meta":{"_et_pb_use_builder":"on","_et_pb_old_content":"","_et_gb_content_width":"","_joinchat":[],"footnotes":""},"class_list":["post-1336","page","type-page","status-publish","hentry"],"yoast_head":"<!-- This site is optimized with the Yoast SEO plugin v26.7 - https:\/\/yoast.com\/wordpress\/plugins\/seo\/ -->\n<title>Constelaciones Familiares y Soluciones Sist\u00e9micas | Caminos Interiores<\/title>\n<meta name=\"description\" content=\"Espacio para el desarrollo de tu proceso de crecimiento y evoluci\u00f3n personal.\" \/>\n<meta name=\"robots\" content=\"index, follow, max-snippet:-1, max-image-preview:large, max-video-preview:-1\" \/>\n<link rel=\"canonical\" href=\"https:\/\/caminosinteriores.com\/index.php\/constelaciones-familiares-y-soluciones-sistemicas\/\" \/>\n<meta property=\"og:locale\" content=\"es_ES\" \/>\n<meta property=\"og:type\" content=\"article\" \/>\n<meta property=\"og:title\" content=\"Constelaciones Familiares y Soluciones Sist\u00e9micas | Caminos Interiores\" \/>\n<meta property=\"og:description\" content=\"Espacio para el desarrollo de tu proceso de crecimiento y evoluci\u00f3n personal.\" \/>\n<meta property=\"og:url\" content=\"https:\/\/caminosinteriores.com\/index.php\/constelaciones-familiares-y-soluciones-sistemicas\/\" \/>\n<meta property=\"og:site_name\" content=\"Caminos Interiores\" \/>\n<meta property=\"article:modified_time\" content=\"2025-06-27T20:39:22+00:00\" \/>\n<meta name=\"twitter:card\" content=\"summary_large_image\" \/>\n<meta name=\"twitter:label1\" content=\"Tiempo de lectura\" \/>\n\t<meta name=\"twitter:data1\" content=\"4 minutos\" \/>\n<script type=\"application\/ld+json\" class=\"yoast-schema-graph\">{\"@context\":\"https:\/\/schema.org\",\"@graph\":[{\"@type\":\"WebPage\",\"@id\":\"https:\/\/caminosinteriores.com\/index.php\/constelaciones-familiares-y-soluciones-sistemicas\/\",\"url\":\"https:\/\/caminosinteriores.com\/index.php\/constelaciones-familiares-y-soluciones-sistemicas\/\",\"name\":\"Constelaciones Familiares y Soluciones Sist\u00e9micas | Caminos Interiores\",\"isPartOf\":{\"@id\":\"https:\/\/caminosinteriores.com\/#website\"},\"datePublished\":\"2020-06-03T22:47:17+00:00\",\"dateModified\":\"2025-06-27T20:39:22+00:00\",\"description\":\"Espacio para el desarrollo de tu proceso de crecimiento y evoluci\u00f3n personal.\",\"breadcrumb\":{\"@id\":\"https:\/\/caminosinteriores.com\/index.php\/constelaciones-familiares-y-soluciones-sistemicas\/#breadcrumb\"},\"inLanguage\":\"es-AR\",\"potentialAction\":[{\"@type\":\"ReadAction\",\"target\":[\"https:\/\/caminosinteriores.com\/index.php\/constelaciones-familiares-y-soluciones-sistemicas\/\"]}]},{\"@type\":\"BreadcrumbList\",\"@id\":\"https:\/\/caminosinteriores.com\/index.php\/constelaciones-familiares-y-soluciones-sistemicas\/#breadcrumb\",\"itemListElement\":[{\"@type\":\"ListItem\",\"position\":1,\"name\":\"Inicio\",\"item\":\"https:\/\/caminosinteriores.com\/\"},{\"@type\":\"ListItem\",\"position\":2,\"name\":\"Constelaciones Familiares y Soluciones Sist\u00e9micas\"}]},{\"@type\":\"WebSite\",\"@id\":\"https:\/\/caminosinteriores.com\/#website\",\"url\":\"https:\/\/caminosinteriores.com\/\",\"name\":\"Caminos Interiores\",\"description\":\"Cintia Biciuffa\",\"publisher\":{\"@id\":\"https:\/\/caminosinteriores.com\/#organization\"},\"potentialAction\":[{\"@type\":\"SearchAction\",\"target\":{\"@type\":\"EntryPoint\",\"urlTemplate\":\"https:\/\/caminosinteriores.com\/?s={search_term_string}\"},\"query-input\":{\"@type\":\"PropertyValueSpecification\",\"valueRequired\":true,\"valueName\":\"search_term_string\"}}],\"inLanguage\":\"es-AR\"},{\"@type\":\"Organization\",\"@id\":\"https:\/\/caminosinteriores.com\/#organization\",\"name\":\"Caminos Interiores\",\"url\":\"https:\/\/caminosinteriores.com\/\",\"logo\":{\"@type\":\"ImageObject\",\"inLanguage\":\"es-AR\",\"@id\":\"https:\/\/caminosinteriores.com\/#\/schema\/logo\/image\/\",\"url\":\"https:\/\/caminosinteriores.com\/wp-content\/uploads\/2020\/07\/logo.png\",\"contentUrl\":\"https:\/\/caminosinteriores.com\/wp-content\/uploads\/2020\/07\/logo.png\",\"width\":1000,\"height\":225,\"caption\":\"Caminos Interiores\"},\"image\":{\"@id\":\"https:\/\/caminosinteriores.com\/#\/schema\/logo\/image\/\"}}]}<\/script>\n<!-- \/ Yoast SEO plugin. -->","yoast_head_json":{"title":"Constelaciones Familiares y Soluciones Sist\u00e9micas | Caminos Interiores","description":"Espacio para el desarrollo de tu proceso de crecimiento y evoluci\u00f3n personal.","robots":{"index":"index","follow":"follow","max-snippet":"max-snippet:-1","max-image-preview":"max-image-preview:large","max-video-preview":"max-video-preview:-1"},"canonical":"https:\/\/caminosinteriores.com\/index.php\/constelaciones-familiares-y-soluciones-sistemicas\/","og_locale":"es_ES","og_type":"article","og_title":"Constelaciones Familiares y Soluciones Sist\u00e9micas | Caminos Interiores","og_description":"Espacio para el desarrollo de tu proceso de crecimiento y evoluci\u00f3n personal.","og_url":"https:\/\/caminosinteriores.com\/index.php\/constelaciones-familiares-y-soluciones-sistemicas\/","og_site_name":"Caminos Interiores","article_modified_time":"2025-06-27T20:39:22+00:00","twitter_card":"summary_large_image","twitter_misc":{"Tiempo de lectura":"4 minutos"},"schema":{"@context":"https:\/\/schema.org","@graph":[{"@type":"WebPage","@id":"https:\/\/caminosinteriores.com\/index.php\/constelaciones-familiares-y-soluciones-sistemicas\/","url":"https:\/\/caminosinteriores.com\/index.php\/constelaciones-familiares-y-soluciones-sistemicas\/","name":"Constelaciones Familiares y Soluciones Sist\u00e9micas | Caminos Interiores","isPartOf":{"@id":"https:\/\/caminosinteriores.com\/#website"},"datePublished":"2020-06-03T22:47:17+00:00","dateModified":"2025-06-27T20:39:22+00:00","description":"Espacio para el desarrollo de tu proceso de crecimiento y evoluci\u00f3n personal.","breadcrumb":{"@id":"https:\/\/caminosinteriores.com\/index.php\/constelaciones-familiares-y-soluciones-sistemicas\/#breadcrumb"},"inLanguage":"es-AR","potentialAction":[{"@type":"ReadAction","target":["https:\/\/caminosinteriores.com\/index.php\/constelaciones-familiares-y-soluciones-sistemicas\/"]}]},{"@type":"BreadcrumbList","@id":"https:\/\/caminosinteriores.com\/index.php\/constelaciones-familiares-y-soluciones-sistemicas\/#breadcrumb","itemListElement":[{"@type":"ListItem","position":1,"name":"Inicio","item":"https:\/\/caminosinteriores.com\/"},{"@type":"ListItem","position":2,"name":"Constelaciones Familiares y Soluciones Sist\u00e9micas"}]},{"@type":"WebSite","@id":"https:\/\/caminosinteriores.com\/#website","url":"https:\/\/caminosinteriores.com\/","name":"Caminos Interiores","description":"Cintia Biciuffa","publisher":{"@id":"https:\/\/caminosinteriores.com\/#organization"},"potentialAction":[{"@type":"SearchAction","target":{"@type":"EntryPoint","urlTemplate":"https:\/\/caminosinteriores.com\/?s={search_term_string}"},"query-input":{"@type":"PropertyValueSpecification","valueRequired":true,"valueName":"search_term_string"}}],"inLanguage":"es-AR"},{"@type":"Organization","@id":"https:\/\/caminosinteriores.com\/#organization","name":"Caminos Interiores","url":"https:\/\/caminosinteriores.com\/","logo":{"@type":"ImageObject","inLanguage":"es-AR","@id":"https:\/\/caminosinteriores.com\/#\/schema\/logo\/image\/","url":"https:\/\/caminosinteriores.com\/wp-content\/uploads\/2020\/07\/logo.png","contentUrl":"https:\/\/caminosinteriores.com\/wp-content\/uploads\/2020\/07\/logo.png","width":1000,"height":225,"caption":"Caminos Interiores"},"image":{"@id":"https:\/\/caminosinteriores.com\/#\/schema\/logo\/image\/"}}]}},"_links":{"self":[{"href":"https:\/\/caminosinteriores.com\/index.php\/wp-json\/wp\/v2\/pages\/1336","targetHints":{"allow":["GET"]}}],"collection":[{"href":"https:\/\/caminosinteriores.com\/index.php\/wp-json\/wp\/v2\/pages"}],"about":[{"href":"https:\/\/caminosinteriores.com\/index.php\/wp-json\/wp\/v2\/types\/page"}],"author":[{"embeddable":true,"href":"https:\/\/caminosinteriores.com\/index.php\/wp-json\/wp\/v2\/users\/1"}],"replies":[{"embeddable":true,"href":"https:\/\/caminosinteriores.com\/index.php\/wp-json\/wp\/v2\/comments?post=1336"}],"version-history":[{"count":25,"href":"https:\/\/caminosinteriores.com\/index.php\/wp-json\/wp\/v2\/pages\/1336\/revisions"}],"predecessor-version":[{"id":5612,"href":"https:\/\/caminosinteriores.com\/index.php\/wp-json\/wp\/v2\/pages\/1336\/revisions\/5612"}],"wp:attachment":[{"href":"https:\/\/caminosinteriores.com\/index.php\/wp-json\/wp\/v2\/media?parent=1336"}],"curies":[{"name":"wp","href":"https:\/\/api.w.org\/{rel}","templated":true}]}}