{"id":1301,"date":"2020-06-03T22:13:41","date_gmt":"2020-06-03T22:13:41","guid":{"rendered":"http:\/\/caminosinteriores.com\/?page_id=1301"},"modified":"2025-06-27T20:32:37","modified_gmt":"2025-06-27T20:32:37","slug":"counseling","status":"publish","type":"page","link":"https:\/\/caminosinteriores.com\/index.php\/counseling\/","title":{"rendered":"Counseling"},"content":{"rendered":"<p>[et_pb_section fb_built=&#8221;1&#8243; next_background_color=&#8221;#edeef4&#8243; _builder_version=&#8221;4.27.4&#8243; use_background_color_gradient=&#8221;on&#8221; background_color_gradient_type=&#8221;circular&#8221; background_color_gradient_direction_radial=&#8221;top left&#8221; background_color_gradient_stops=&#8221;rgba(255,227,208,0.7) 50%|rgba(255,227,208,0.3) 100%&#8221; background_color_gradient_overlays_image=&#8221;on&#8221; background_color_gradient_start=&#8221;rgba(255,227,208,0.7)&#8221; background_color_gradient_start_position=&#8221;50%&#8221; background_color_gradient_end=&#8221;rgba(255,227,208,0.3)&#8221; background_image=&#8221;http:\/\/caminosinteriores.com\/wp-content\/uploads\/2025\/06\/decodificacion-biologica-1-scaled.jpg&#8221; min_height=&#8221;580.2px&#8221; custom_margin=&#8221;||-9px||false|&#8221; custom_padding=&#8221;10vw||10vw||false|false&#8221; bottom_divider_style=&#8221;curve&#8221; bottom_divider_height=&#8221;2.5vw&#8221; global_colors_info=&#8221;{}&#8221;][et_pb_row _builder_version=&#8221;4.27.4&#8243; custom_margin=&#8221;5%|auto|5%|auto|false|false&#8221; custom_margin_tablet=&#8221;15%||||false|false&#8221; custom_margin_phone=&#8221;40%||||false|false&#8221; custom_margin_last_edited=&#8221;on|phone&#8221; animation_style=&#8221;fade&#8221; hover_enabled=&#8221;0&#8243; global_colors_info=&#8221;{}&#8221; sticky_enabled=&#8221;0&#8243;][et_pb_column type=&#8221;4_4&#8243; _builder_version=&#8221;4.16&#8243; custom_padding=&#8221;|||&#8221; global_colors_info=&#8221;{}&#8221; custom_padding__hover=&#8221;|||&#8221;][et_pb_text _builder_version=&#8221;4.27.4&#8243; text_font=&#8221;||||||||&#8221; text_font_size=&#8221;18px&#8221; text_line_height=&#8221;2em&#8221; header_font=&#8221;Montserrat||||||||&#8221; header_font_size=&#8221;50px&#8221; header_line_height=&#8221;1.4em&#8221; text_orientation=&#8221;center&#8221; max_width=&#8221;700px&#8221; module_alignment=&#8221;center&#8221; hover_enabled=&#8221;0&#8243; header_font_size_tablet=&#8221;40px&#8221; header_font_size_phone=&#8221;24px&#8221; header_font_size_last_edited=&#8221;on|phone&#8221; global_colors_info=&#8221;{}&#8221; sticky_enabled=&#8221;0&#8243;]<\/p>\n<h1>Counseling<\/h1>\n<p>[\/et_pb_text][\/et_pb_column][\/et_pb_row][\/et_pb_section][et_pb_section fb_built=&#8221;1&#8243; module_id=&#8221;counseling-texto&#8221; _builder_version=&#8221;4.16&#8243; _module_preset=&#8221;default&#8221; background_color=&#8221;#edeef4&#8243; custom_margin=&#8221;4px|||||&#8221; global_colors_info=&#8221;{}&#8221;][et_pb_row _builder_version=&#8221;4.16&#8243; _module_preset=&#8221;default&#8221; global_colors_info=&#8221;{}&#8221;][et_pb_column type=&#8221;4_4&#8243; _builder_version=&#8221;4.16&#8243; _module_preset=&#8221;default&#8221; global_colors_info=&#8221;{}&#8221;][et_pb_text _builder_version=&#8221;4.16&#8243; _module_preset=&#8221;default&#8221; text_font_size=&#8221;16px&#8221; text_line_height=&#8221;2em&#8221; global_colors_info=&#8221;{}&#8221;]<\/p>\n<p><span>Es una disciplina y \u00a0su enfoque est\u00e1 centrado en la persona, mediante la escucha emp\u00e1tica, la congruencia y la aceptaci\u00f3n incondicional. El Counselor, intenta promover en un ambiente libre de amenazas, que el cliente pueda expresarse libremente. Y a trav\u00e9s de \u00e9ste escenario\u00a0 personas normales (sin alteraciones ps\u00edquicas estructuradas) o en din\u00e1micas de grupo, podr\u00e1n en su tiempo conocerse a s\u00ed mismo,\u00a0 disminuir su ansiedad, trabajar sus conflictos, crisis y desorientaciones. Este enfoque, viene de la psicolog\u00eda y tambi\u00e9n de la psicolog\u00eda\u00a0 human\u00edstica que dignifica y valora el esfuerzo de la persona por desarrollar sus potencialidades.\u00a0<\/span><\/p>\n<p><span>\u00a0 \u00a0 \u00a0 \u00a0 \u00a0\u00a0Palabras y ense\u00f1anzas de Carl Rogers quedaron\u00a0 impregnadas en mi persona,\u00a0 son significativas y se refieren\u00a0 a las relaciones con los dem\u00e1s, a los valores y a las convicciones propias\u00a0 <\/span><i><span>\u201c&#8230;Cuando m\u00e1s me abro hacia las realidades m\u00edas y las de otras personas, menos deseo \u201carreglar las cosas&#8230;\u201d, \u201c&#8230;He descubierto el enorme valor de permitirme comprender a otra persona&#8230;\u201d, \u201c&#8230;Mi experiencia es mi m\u00e1xima autoridad&#8230;\u201d, \u201c&#8230;Soy eficaz cuando puedo escucharme con tolerancia y ser yo mismo&#8230;\u201d.<\/span><\/i><\/p>\n<p><span>\u00a0 \u00a0 \u00a0 \u00a0 \u00a0 \u00a0SER COUNSELOR ,fue la piedra angular para que las palabras comenzar\u00e1n a fluir y que no me resulte amenazante un otro, entiendo que ese camino era el de no \u00a0comprenderme a m\u00ed misma y acusar al otro de algo que era m\u00edo, proyectando o reprimiendo.\u00a0<\/span><span>Pude comprender mis emociones, saber su lenguaje, el manejo adecuado de ellas siendo \u00e9sta, una\u00a0 herramienta necesaria para mi autoconocimiento.<\/span><\/p>\n<p><span>\u00a0 \u00a0 \u00a0 \u00a0 Entiendo que mi educaci\u00f3n fue directiva y eso condiciono mi valoraci\u00f3n, hoy decido comunicarme distinto a trav\u00e9s de mi propia versi\u00f3n de mi mismo,\u00a0 como profesional y con los seres que me rodean.\u00a0\u00a0\u00a0<\/span><\/p>\n<p><span>\u00a0 \u00a0 \u00a0 \u00a0 \u00a0 \u00a0 El Counseling me mostr\u00f3 tanto la dimensi\u00f3n racional como la emocional, me engendr\u00f3 una actitud m\u00e1s realista y un estar en el presente respetando mi propia subjetividad como la del otro. Desde mi valoraci\u00f3n organ\u00edsmica, cotidianamente y en mi espacio de consulta, me\u00a0 afloran preguntas como\u2026y ahora \u00bfC\u00f3mo te sent\u00eds con lo que me acabas de contar?, \u00bfQu\u00e9 es esa nube negra para vos? Qu\u00e9 pasar\u00eda si se cierra una puerta pero se abre una ventana?, \u00bfTe puedo sugerir?<\/span><\/p>\n<p><span>\u00a0 \u00a0 \u00a0 \u00a0 \u00a0\u00a0Como Counselor acompa\u00f1o en los procesos de vida y de cambio de las personas con una concepci\u00f3n del ser humano como un ser libre, capaz de perseguir sus sue\u00f1os en la vida, con capacidad para elegir su destino y por ende responsable de sus propias elecciones.\u00a0<\/span><\/p>\n<p><span>\u00a0 \u00a0 Te invito a traves de mi acompa\u00f1amiento que inicies un trabajo interno de autoconocimiento y a\u00a0 que le des un nuevo significado a las experiencias vividas en tu pasado y as\u00ed puedas afrontar tu presente de una manera m\u00e1s libre.\u00a0<\/span><\/p>\n<p><span><\/span><\/p>\n<p><span>Cintia Mar\u00eda Biciuffa<\/span><\/p>\n<p>[\/et_pb_text][\/et_pb_column][\/et_pb_row][et_pb_row column_structure=&#8221;1_2,1_2&#8243; _builder_version=&#8221;4.16&#8243; _module_preset=&#8221;default&#8221; global_colors_info=&#8221;{}&#8221;][et_pb_column type=&#8221;1_2&#8243; _builder_version=&#8221;4.16&#8243; _module_preset=&#8221;default&#8221; global_colors_info=&#8221;{}&#8221;][et_pb_image src=&#8221;http:\/\/caminosinteriores.com\/wp-content\/uploads\/2020\/07\/teorias_de_personalidad_en_psicologia_carl_rogers_1091_600.jpg&#8221; title_text=&#8221;teorias_de_personalidad_en_psicologia_carl_rogers_1091_600&#8243; _builder_version=&#8221;4.16&#8243; _module_preset=&#8221;default&#8221; custom_margin=&#8221;-1px||-52px|||&#8221; custom_margin_tablet=&#8221;|-196px|||false|false&#8221; custom_margin_phone=&#8221;|0px|||false|false&#8221; custom_margin_last_edited=&#8221;on|tablet&#8221; custom_padding=&#8221;1px|55px|0px|13px||&#8221; custom_padding_tablet=&#8221;&#8221; custom_padding_phone=&#8221;&#8221; custom_padding_last_edited=&#8221;on|tablet&#8221; global_colors_info=&#8221;{}&#8221;][\/et_pb_image][et_pb_text _builder_version=&#8221;4.16&#8243; _module_preset=&#8221;default&#8221; custom_margin=&#8221;71px|||||&#8221; custom_padding=&#8221;|||15px||&#8221; global_colors_info=&#8221;{}&#8221;]<\/p>\n<p>Carls Rogers<\/p>\n<p>[\/et_pb_text][\/et_pb_column][et_pb_column type=&#8221;1_2&#8243; _builder_version=&#8221;4.16&#8243; _module_preset=&#8221;default&#8221; global_colors_info=&#8221;{}&#8221;][et_pb_video src=&#8221;https:\/\/www.youtube.com\/watch?v=Fn3qjyESbYk&#8221; thumbnail_overlay_color=&#8221;rgba(0,0,0,0.6)&#8221; module_id=&#8221;videocouseling&#8221; _builder_version=&#8221;4.16&#8243; custom_margin=&#8221;|||-16px||&#8221; global_colors_info=&#8221;{}&#8221;][\/et_pb_video][\/et_pb_column][\/et_pb_row][\/et_pb_section]<\/p>\n","protected":false},"excerpt":{"rendered":"<p>CounselingEs una disciplina y \u00a0su enfoque est\u00e1 centrado en la persona, mediante la escucha emp\u00e1tica, la congruencia y la aceptaci\u00f3n incondicional. El Counselor, intenta promover en un ambiente libre de amenazas, que el cliente pueda expresarse libremente. Y a trav\u00e9s de \u00e9ste escenario\u00a0 personas normales (sin alteraciones ps\u00edquicas estructuradas) o en din\u00e1micas de grupo, podr\u00e1n [&hellip;]<\/p>\n","protected":false},"author":1,"featured_media":0,"parent":0,"menu_order":0,"comment_status":"closed","ping_status":"closed","template":"","meta":{"_et_pb_use_builder":"on","_et_pb_old_content":"","_et_gb_content_width":"","_joinchat":[],"footnotes":""},"class_list":["post-1301","page","type-page","status-publish","hentry"],"yoast_head":"<!-- This site is optimized with the Yoast SEO plugin v26.7 - https:\/\/yoast.com\/wordpress\/plugins\/seo\/ -->\n<title>Counseling | Caminos Interiores<\/title>\n<meta name=\"description\" content=\"Espacio para el desarrollo de tu proceso de crecimiento y evoluci\u00f3n personal.\" \/>\n<meta name=\"robots\" content=\"index, follow, max-snippet:-1, max-image-preview:large, max-video-preview:-1\" \/>\n<link rel=\"canonical\" href=\"https:\/\/caminosinteriores.com\/index.php\/counseling\/\" \/>\n<meta property=\"og:locale\" content=\"es_ES\" \/>\n<meta property=\"og:type\" content=\"article\" \/>\n<meta property=\"og:title\" content=\"Counseling | Caminos Interiores\" \/>\n<meta property=\"og:description\" content=\"Espacio para el desarrollo de tu proceso de crecimiento y evoluci\u00f3n personal.\" \/>\n<meta property=\"og:url\" content=\"https:\/\/caminosinteriores.com\/index.php\/counseling\/\" \/>\n<meta property=\"og:site_name\" content=\"Caminos Interiores\" \/>\n<meta property=\"article:modified_time\" content=\"2025-06-27T20:32:37+00:00\" \/>\n<meta name=\"twitter:card\" content=\"summary_large_image\" \/>\n<meta name=\"twitter:label1\" content=\"Tiempo de lectura\" \/>\n\t<meta name=\"twitter:data1\" content=\"5 minutos\" \/>\n<script type=\"application\/ld+json\" class=\"yoast-schema-graph\">{\"@context\":\"https:\/\/schema.org\",\"@graph\":[{\"@type\":\"WebPage\",\"@id\":\"https:\/\/caminosinteriores.com\/index.php\/counseling\/\",\"url\":\"https:\/\/caminosinteriores.com\/index.php\/counseling\/\",\"name\":\"Counseling | Caminos Interiores\",\"isPartOf\":{\"@id\":\"https:\/\/caminosinteriores.com\/#website\"},\"datePublished\":\"2020-06-03T22:13:41+00:00\",\"dateModified\":\"2025-06-27T20:32:37+00:00\",\"description\":\"Espacio para el desarrollo de tu proceso de crecimiento y evoluci\u00f3n personal.\",\"breadcrumb\":{\"@id\":\"https:\/\/caminosinteriores.com\/index.php\/counseling\/#breadcrumb\"},\"inLanguage\":\"es-AR\",\"potentialAction\":[{\"@type\":\"ReadAction\",\"target\":[\"https:\/\/caminosinteriores.com\/index.php\/counseling\/\"]}]},{\"@type\":\"BreadcrumbList\",\"@id\":\"https:\/\/caminosinteriores.com\/index.php\/counseling\/#breadcrumb\",\"itemListElement\":[{\"@type\":\"ListItem\",\"position\":1,\"name\":\"Inicio\",\"item\":\"https:\/\/caminosinteriores.com\/\"},{\"@type\":\"ListItem\",\"position\":2,\"name\":\"Counseling\"}]},{\"@type\":\"WebSite\",\"@id\":\"https:\/\/caminosinteriores.com\/#website\",\"url\":\"https:\/\/caminosinteriores.com\/\",\"name\":\"Caminos Interiores\",\"description\":\"Cintia Biciuffa\",\"publisher\":{\"@id\":\"https:\/\/caminosinteriores.com\/#organization\"},\"potentialAction\":[{\"@type\":\"SearchAction\",\"target\":{\"@type\":\"EntryPoint\",\"urlTemplate\":\"https:\/\/caminosinteriores.com\/?s={search_term_string}\"},\"query-input\":{\"@type\":\"PropertyValueSpecification\",\"valueRequired\":true,\"valueName\":\"search_term_string\"}}],\"inLanguage\":\"es-AR\"},{\"@type\":\"Organization\",\"@id\":\"https:\/\/caminosinteriores.com\/#organization\",\"name\":\"Caminos Interiores\",\"url\":\"https:\/\/caminosinteriores.com\/\",\"logo\":{\"@type\":\"ImageObject\",\"inLanguage\":\"es-AR\",\"@id\":\"https:\/\/caminosinteriores.com\/#\/schema\/logo\/image\/\",\"url\":\"https:\/\/caminosinteriores.com\/wp-content\/uploads\/2020\/07\/logo.png\",\"contentUrl\":\"https:\/\/caminosinteriores.com\/wp-content\/uploads\/2020\/07\/logo.png\",\"width\":1000,\"height\":225,\"caption\":\"Caminos Interiores\"},\"image\":{\"@id\":\"https:\/\/caminosinteriores.com\/#\/schema\/logo\/image\/\"}}]}<\/script>\n<!-- \/ Yoast SEO plugin. -->","yoast_head_json":{"title":"Counseling | Caminos Interiores","description":"Espacio para el desarrollo de tu proceso de crecimiento y evoluci\u00f3n personal.","robots":{"index":"index","follow":"follow","max-snippet":"max-snippet:-1","max-image-preview":"max-image-preview:large","max-video-preview":"max-video-preview:-1"},"canonical":"https:\/\/caminosinteriores.com\/index.php\/counseling\/","og_locale":"es_ES","og_type":"article","og_title":"Counseling | Caminos Interiores","og_description":"Espacio para el desarrollo de tu proceso de crecimiento y evoluci\u00f3n personal.","og_url":"https:\/\/caminosinteriores.com\/index.php\/counseling\/","og_site_name":"Caminos Interiores","article_modified_time":"2025-06-27T20:32:37+00:00","twitter_card":"summary_large_image","twitter_misc":{"Tiempo de lectura":"5 minutos"},"schema":{"@context":"https:\/\/schema.org","@graph":[{"@type":"WebPage","@id":"https:\/\/caminosinteriores.com\/index.php\/counseling\/","url":"https:\/\/caminosinteriores.com\/index.php\/counseling\/","name":"Counseling | Caminos Interiores","isPartOf":{"@id":"https:\/\/caminosinteriores.com\/#website"},"datePublished":"2020-06-03T22:13:41+00:00","dateModified":"2025-06-27T20:32:37+00:00","description":"Espacio para el desarrollo de tu proceso de crecimiento y evoluci\u00f3n personal.","breadcrumb":{"@id":"https:\/\/caminosinteriores.com\/index.php\/counseling\/#breadcrumb"},"inLanguage":"es-AR","potentialAction":[{"@type":"ReadAction","target":["https:\/\/caminosinteriores.com\/index.php\/counseling\/"]}]},{"@type":"BreadcrumbList","@id":"https:\/\/caminosinteriores.com\/index.php\/counseling\/#breadcrumb","itemListElement":[{"@type":"ListItem","position":1,"name":"Inicio","item":"https:\/\/caminosinteriores.com\/"},{"@type":"ListItem","position":2,"name":"Counseling"}]},{"@type":"WebSite","@id":"https:\/\/caminosinteriores.com\/#website","url":"https:\/\/caminosinteriores.com\/","name":"Caminos Interiores","description":"Cintia Biciuffa","publisher":{"@id":"https:\/\/caminosinteriores.com\/#organization"},"potentialAction":[{"@type":"SearchAction","target":{"@type":"EntryPoint","urlTemplate":"https:\/\/caminosinteriores.com\/?s={search_term_string}"},"query-input":{"@type":"PropertyValueSpecification","valueRequired":true,"valueName":"search_term_string"}}],"inLanguage":"es-AR"},{"@type":"Organization","@id":"https:\/\/caminosinteriores.com\/#organization","name":"Caminos Interiores","url":"https:\/\/caminosinteriores.com\/","logo":{"@type":"ImageObject","inLanguage":"es-AR","@id":"https:\/\/caminosinteriores.com\/#\/schema\/logo\/image\/","url":"https:\/\/caminosinteriores.com\/wp-content\/uploads\/2020\/07\/logo.png","contentUrl":"https:\/\/caminosinteriores.com\/wp-content\/uploads\/2020\/07\/logo.png","width":1000,"height":225,"caption":"Caminos Interiores"},"image":{"@id":"https:\/\/caminosinteriores.com\/#\/schema\/logo\/image\/"}}]}},"_links":{"self":[{"href":"https:\/\/caminosinteriores.com\/index.php\/wp-json\/wp\/v2\/pages\/1301","targetHints":{"allow":["GET"]}}],"collection":[{"href":"https:\/\/caminosinteriores.com\/index.php\/wp-json\/wp\/v2\/pages"}],"about":[{"href":"https:\/\/caminosinteriores.com\/index.php\/wp-json\/wp\/v2\/types\/page"}],"author":[{"embeddable":true,"href":"https:\/\/caminosinteriores.com\/index.php\/wp-json\/wp\/v2\/users\/1"}],"replies":[{"embeddable":true,"href":"https:\/\/caminosinteriores.com\/index.php\/wp-json\/wp\/v2\/comments?post=1301"}],"version-history":[{"count":39,"href":"https:\/\/caminosinteriores.com\/index.php\/wp-json\/wp\/v2\/pages\/1301\/revisions"}],"predecessor-version":[{"id":5607,"href":"https:\/\/caminosinteriores.com\/index.php\/wp-json\/wp\/v2\/pages\/1301\/revisions\/5607"}],"wp:attachment":[{"href":"https:\/\/caminosinteriores.com\/index.php\/wp-json\/wp\/v2\/media?parent=1301"}],"curies":[{"name":"wp","href":"https:\/\/api.w.org\/{rel}","templated":true}]}}